by 44962.
3
What is the remainder when 13750476 is divided by 1465?
1451
What is the remainder when 135518856 is divided by 409?
387
What is the remainder when 29292 is divided by 9436?
984
Calculate the remainder when 8344629 is divided by 3586.
7
What is the remainder when 1260122 is divided by 125925?
872
What is the remainder when 659087 is divided by 31?
27
What is the remainder when 169150426 is divided by 4842?
4840
What is the remainder when 5200115 is divided by 27?
23
Calculate the remainder when 2932307 is divided by 2093.
14
Calculate the remainder when 214454237 is divided by 770.
767
Calculate the remainder when 38144 is divided by 12599.
347
Calculate the remainder when 7589066 is divided by 93692.
14
Calculate the remainder when 122014 is divided by 3862.
2292
Calculate the remainder when 20831368 is divided by 508082.
6
Calculate the remainder when 5960044 is divided by 1414.
34
Calculate the remainder when 81207 is divided by 27057.
36
What is the remainder when 163732757 is divided by 2638?
11
Calculate the remainder when 8002304 is divided by 2667434.
2
Calculate the remainder when 6362233 is divided by 3020.
2113
Calculate the remainder when 39635 is divided by 211.
178
What is the remainder when 831688 is divided by 29691?
340
Calculate the remainder when 1727493 is divided by 36.
33
What is the remainder when 45352 is divided by 8735?
1677
What is the remainder when 66521821 is divided by 969?
940
What is the remainder when 3097833 is divided by 3710?
3693
Calculate the remainder when 911902 is divided by 522.
490
What is the remainder when 1244613 is divided by 622055?
503
What is the remainder when 1801219 is divided by 3588?
43
What is the remainder when 71797 is divided by 450?
247
Calculate the remainder when 838349 is divided by 2402.
51
Calculate the remainder when 57280 is divided by 3405.
2800
Calculate the remainder when 474872 is divided by 6507.
6368
What is the remainder when 26069056 is divided by 1765?
6
What is the remainder when 151465 is divided by 10079?
280
What is the remainder when 211639 is divided by 6413?
10
Calculate the remainder when 5266476 is divided by 9558.
18
Calculate the remainder when 31293347 is divided by 490.
477
Calculate the remainder when 311395761 is divided by 67.
62
Calculate the remainder when 8731966 is divided by 2910652.
10
Calculate the remainder when 1550028 is divided by 258336.
12
Calculate the remainder when 114816 is divided by 57383.
50
Calculate the remainder when 59969 is divided by 3099.
1088
Calculate the remainder when 622540 is divided by 415.
40
What is the remainder when 5891077 is divided by 1472767?
9
What is the remainder when 3850172 is divided by 974?
924
Calculate the remainder when 353283 is divided by 546.
21
Calculate the remainder when 2683577 is divided by 894489.
110
Calculate the remainder when 1199786 is divided by 1199701.
85
What is the remainder when 32924 is divided by 5447?
242
Calculate the remainder when 155168 is divided by 5530.
328
Calculate the remainder when 155015 is divided by 16007.
10952
What is the remainder when 3604263 is divided by 984?
855
What is the remainder when 3767 is divided by 763?
715
Calculate the remainder when 54528 is divided by 12.
0
What is the remainder when 18208190 is divided by 1632?
1598
What is the remainder when 1513184 is divided by 54?
50
What is the remainder when 5077182 is divided by 2838?
0
What is the remainder when 25616277 is divided by 510?
507
What is the remainder when 34249 is divided by 4888?
33
Calculate the remainder when 18850607 is divided by 254.
251
What is the remainder when 234667 is divided by 1972?
1971
Calculate the remainder when 37188708 is divided by 2187567.
69
Calculate the remainder when 55276 is divided by 27629.
18
Calculate the remainder when 44890969 is divided by 550.
519
Calculate the remainder when 629106 is divided by 2296.
2
What is the remainder when 11258072 is divided by 1608296?
0
What is the remainder when 111313 is divided by 438?
61
Calculate the remainder when 8693897 is divided by 663.
641
What is the remainder when 1431376 is divided by 283?
245
What is the remainder when 1123603 is divided by 2233?
404
What is the remainder when 100910 is divided by 10530?
6140
Calculate the remainder when 111564 is divided by 55290.
984
Calculate the remainder when 111882250 is divided by 155.
150
What is the remainder when 7706 is divided by 21?
20
Calculate the remainder when 1055718 is divided by 26.
14
Calculate the remainder when 479124129 is divided by 12.
9
What is the remainder when 15448264 is divided by 2356?
2328
Calculate the remainder when 201076 is divided by 1188.
304
Calculate the remainder when 690715 is divided by 14.
11
Calculate the remainder when 47426334 is divided by 1448.
1438
What is the remainder when 3041836 is divided by 1520836?
164
Calculate the remainder when 7648411 is divided by 726.
1
What is the remainder when 35443225 is divided by 149?
148
What is the remainder when 12316917 is divided by 1539601?
109
Calculate the remainder when 800911525 is divided by 18.
13
What is the remainder when 13709 is divided by 6805?
99
What is the remainder when 113846 is divided by 120?
86
Calculate the remainder when 6505210 is divided by 6505197.
13
Calculate the remainder when 5543804 is divided by 1911.
1904
What is the remainder when 184472 is divided by 1494?
710
Calculate the remainder when 22883613 is divided by 338.
337
Calculate the remainder when 137198861 is divided by 241.
212
What is the remainder when 77250512 is divided by 11?
9
Calculate the remainder when 15326265 is divided by 676.
669
What is the remainder when 43386 is divided by 5625?
4011
What is the remainder when 216843 is divided by 3870?
123
What is the remainder when 2122916 is divided by 36602?
0
Calculate the remainder when 82467 is divided by 25440.
6147
What is the remainder when 492045 is divided by 61?
19
Calculate the remainder when 1114942 is divided by 90.
22
Calculate the remainder when 323114159 is divided by 30.
29
Calculate the remainder when 1774904 is divided by 295810.
44
What is the remainder when 2062303 is divided by 8026?
7647
Calculate the remainder when 47478199 is divided by 2200.
2199
Calculate the remainder when 13422668 is divided by 111.
104
What is the remainder when 698841999 is divided by 143?
141
Calculate the remainder when 891270 is divided by 443.
397
What is the remainder when 18926606 is divided by 13?
10
What is the remainder when 89656 is divided by 29069?
2449
Calculate the remainder when 11024269 is divided by 3095.
2974
Calculate the remainder when 1025059 is divided by 85421.
7
What is the remainder when 27896197 is divided by 252?
49
What is the remainder when 77795670 is divided by 17?
15
What is the remainder when 42189 is divided by 20387?
1415
Calculate the remainder when 37468 is divided by 5316.
256
What is the remainder when 4857824 is divided by 2113?
37
What is the remainder when 3557558 is divided by 1778753?
52
Calculate the remainder when 3067301 is divided by 17.
8
What is the remainder when 5322941687 is divided by 12?
11
What is the remainder when 368495 is divided by 5943?
29
What is the remainder when 1495543 is divided by 747730?
83
What is the remainder when 22546314 is divided by 21032?
10
What is the remainder when 30683 is divided by 2447?
1319
What is the remainder when 2843812 is divided by 177738?
4
Calculate the remainder when 50631 is divided by 851.
422
What is the remainder when 33476809 is divided by 25951?
19
What is the remainder when 16164957 is divided by 60?
57
What is the remainder when 8850 is divided by 7933?
917
Calculate the remainder when 672767 is divided by 223765.
1472
What is the remainder when 301921 is divided by 3389?
300
What is the remainder when 1873145 is divided by 34684?
209
Calculate the remainder when 274199 is divided by 13709.
19
What is the remainder when 45796860 is divided by 71?
14
What is the remainder when 4045281 is divided by 9?
6
Calculate the remainder when 7049037 is divided by 899.
877
Calculate the remainder when 248948 is divided by 1804.
1800
What is the remainder when 2645935 is divided by 26726?
61
Calculate the remainder when 470581 is divided by 5347.